1 composite?
False
Is 160365014779 a prime number?
True
Is 58861821791 composite?
False
Is 218681534321 prime?
False
Is 148803173917 composite?
True
Is 248583580823 a composite number?
False
Is 36484228757 prime?
True
Is 1577058251 composite?
True
Is 43859024045 composite?
True
Is 19764138909 a composite number?
True
Is 293222941 prime?
False
Is 1656469029 composite?
True
Is 604369141 a prime number?
True
Is 1044019407 a composite number?
True
Is 2367365969 prime?
False
Is 110040992339 a prime number?
True
Is 27726329597 prime?
False
Is 2606213419 composite?
True
Is 320646563 prime?
False
Is 299088929365 composite?
True
Is 147056797 a composite number?
True
Is 1866024434 prime?
False
Is 59864631443 composite?
True
Is 6583816267 a prime number?
False
Is 6733129951 composite?
True
Is 329678960141 a composite number?
False
Is 7056707 a composite number?
True
Is 27883909841 composite?
False
Is 805493347 a composite number?
True
Is 2945435951 composite?
False
Is 64889836237 composite?
True
Is 1369560209 composite?
True
Is 1713978313 a composite number?
True
Is 166143417007 a prime number?
False
Is 779044459 a composite number?
True
Is 22464890783 a composite number?
False
Is 498459959 a prime number?
False
Is 51369473 a prime number?
True
Is 23596316297 composite?
False
Is 956697229 composite?
False
Is 1255487066 prime?
False
Is 17950600462 prime?
False
Is 107778687017 composite?
False
Is 2436440647 prime?
False
Is 2378671483 prime?
False
Is 617906693 a composite number?
True
Is 1436921009 prime?
False
Is 275746727 a composite number?
False
Is 3463514753 composite?
False
Is 65876477951 prime?
True
Is 34948381931 prime?
False
Is 6343101929 composite?
True
Is 1218172343 a prime number?
False
Is 81629579461 prime?
False
Is 79639217873 a composite number?
True
Is 11377140889 a composite number?
True
Is 1350213565 composite?
True
Is 1647318991 a prime number?
False
Is 72053472947 a composite number?
False
Is 445466779 prime?
True
Is 9580236583 prime?
True
Is 234624821 composite?
True
Is 44627501 prime?
False
Is 1704885607 prime?
False
Is 186634841 a composite number?
False
Is 217080971 prime?
True
Is 536089889 prime?
False
Is 2220865769 composite?
True
Is 9789934919 a composite number?
False
Is 75754825361 a prime number?
True
Is 4866421349 a prime number?
True
Is 51966593 a composite number?
True
Is 5852899699 a prime number?
True
Is 1136590921 prime?
False
Is 836547389 prime?
False
Is 9557016059 a prime number?
True
Is 107558261 a composite number?
False
Is 19997111 prime?
False
Is 9700535189 a prime number?
False
Is 12569096398 composite?
True
Is 3830727217 prime?
True
Is 132330171322 composite?
True
Is 80821937471 composite?
True
Is 429502219 prime?
True
Is 73618615859 prime?
True
Is 74389038287 prime?
False
Is 378505291 a composite number?
True
Is 2602786141 a prime number?
True
Is 1648035349 a composite number?
False
Is 185598466 composite?
True
Is 228433277 prime?
True
Is 2493916321 composite?
True
Is 90006047 a prime number?
True
Is 569950763 composite?
False
Is 70502183 composite?
True
Is 22918432937 prime?
True
Is 73403073421 a composite number?
False
Is 1944548329 a composite number?
False
Is 783771137 composite?
True
Is 68544055493 a prime number?
False
Is 24347417693 a prime number?
True
Is 439593109 composite?
True
Is 34428304727 prime?
False
Is 318444673 composite?
False
Is 83436569 a composite number?
False
Is 236136264527 prime?
False
Is 20080953403 a composite number?
True
Is 208305558509 prime?
True
Is 811061287 a prime number?
True
Is 55967604311 prime?
True
Is 11304397901 prime?
False
Is 16256013779 composite?
True
Is 193556038037 composite?
False
Is 402463583 prime?
True
Is 52919761 a prime number?
True
Is 2666103277 prime?
False
Is 4518567397 prime?
True
Is 16385234011 prime?
True
Is 239891909 prime?
False
Is 23120798893 a prime number?
False
Is 8992600399 composite?
False
Is 283874455 composite?
True
Is 6019738141 prime?
True
Is 8260054063 a prime number?
False
Is 38541972509 composite?
False
Is 903591257 composite?
False
Is 5587653761 prime?
True
Is 8307067597 prime?
False
Is 199487261 a prime number?
True
Is 62796029677 a prime number?
True
Is 44561238431 composite?
False
Is 3654853633 a composite number?
True
Is 565856243 a prime number?
True
Is 1328680361 a prime number?
True
Is 23446094669 a composite number?
False
Is 218213393 composite?
False
Is 211960499 composite?
True
Is 263642713 composite?
False
Is 1201131181 a composite number?
False
Is 10707779903 prime?
True
Is 350071159 a composite number?
True
Is 77523841 prime?
False
Is 346844891 composite?
True
Is 444021467 composite?
False
Is 174299111989 a prime number?
True
Is 2292665173 prime?
True
Is 49367412951 composite?
True
Is 4662222933 prime?
False
Is 16799243267 composite?
True
Is 40915168729 a composite number?
False
Is 1399585951 composite?
False
Is 382204055 a prime number?
False
Is 8525931217 prime?
True
Is 229334681 a prime number?
True
Is 1492926881 a composite number?
True
Is 12804259471 a composite number?
False
Is 16864028791 prime?
True
Is 7349476439 prime?
False
Is 1136215907 a composite number?
True
Is 76292040677 composite?
False
Is 3225870839 prime?
True
Is 25729483273 composite?
True
Is 109418253611 a prime number?
True
Is 692152667 a prime number?
False
Is 15550136993 a composite number?
False
Is 3071178823 a composite number?
False
Is 34427700383 a prime number?
True
Is 4073523137 a composite number?
False
Is 13346461759 prime?
True
Is 253024139 a prime number?
False
Is 542212751 prime?
True
Is 865537537 a prime number?
True
Is 916506229 prime?
True
Is 6069517997 composite?
True
Is 5683700585 prime?
False
Is 30631429 composite?
False
Is 933490291 composite?
False
Is 692900027 a composite number?
False
Is 15718559737 a prime number?
False
Is 7130964427 prime?
True
Is 2081763533 prime?
False
Is 1038424757 prime?
True
Is 50525281 composite?
False
Is 158620681 a composite number?
False
Is 99207565021 prime?
False
Is 2749865051 prime?
True
Is 311070783901 composite?
False
Is 2148187051 prime?
False
Is 724059473 a prime number?
False
Is 119214299 a composite number?
True
Is 236911957 a composite number?
False
Is 446190383 composite?
False
Is 611191963 a prime number?
True
Is 55582518371 a prime number?
False
Is 21985795687 prime?
True
Is 1834541573 composite?
False
Is 50937409 composite?
True
Is 8662434283 prime?
False
Is 134960657 composite?
True
Is 611701217 prime?
False
Is 1585845959 composite?
False
Is 69976613 composite?
True
Is 26435795689 a prime number?
True
Is 84779099551 a prime number?
False
Is 382023791 a prime number?
False
Is 4855038637 a prime number?
False
Is 7832881795 prime?
False
Is 1405182389 composite?
True
Is 670727579 composite?
False
Is 1528912139 a composite number?
False
Is 80184940259 prime?
True
Is 137126711 a composite number?
False
Is 2613511429 a prime number?
False
Is 13288064269 a prime number?
False
Is 511582817 a composite number?
False
Is 111725899723 prime?
True
Is 51020939 a composite number?
True
Is 1072333877 composite?
True
Is 422662187 a composite number?
True
Is 108512308351 a prime number?
False
Is 58842878827 composite?
False
Is 62323425863 a composite number?
True
Is 8815996687 a prime number?
False
Is 17545173379 a prime number?
True
Is 1267627 prime?
False
Is 96955263767 a prime number?
False
Is 14769117613 a prime number?
True
Is 627019909 prime?
False
Is 39540263313 a prime number?
False
Is 640436057 composite?
False
Is 817673039 a prime number?
True
Is 1574669807 prime?
True
Is 148520357 a composite number?
False
Is 377629409 a composite number?
False
Is 637441019 prime?
True
Is 4364717339 a composite number?
True
Is 64643171 a prime number?
True
Is 4521330867 composite?
True
Is 510547579 prime?
False
Is 817823309 composite?
False
Is 166129703 a composite number?
False
Is 13189012561 composite?
False
Is 2800339961 prime?
True
Is 4968901 prime?
False
Is 836306453 composite?
False
Is 268774477 a prime number?
False
Is 222427523 a composite number?
False
Is 24849525881 composite?
False
Is 599730023 prime?
True
Is 1844319823 a prime number?
True
Is 103015323959 a prime number?
False
Is 2097485807 composite?
False
Is 11402448809 a prime number?
True
Is 428481269 prime?
False
Is 5994891121 prime?
True
Is 1